12. Give a(-11).
32
Let o(n) = n**3 + 6*n**2 - 6*n - 4. Give o(-7).
-11
Let o(j) = j**2 - 4*j + 5. Calculate o(-4).
37
Let x(y) = -y**2 - y - 3. Calculate x(-4).
-15
Let x(j) = -6*j - 2. What is x(12)?
-74
Let l(x) = 51*x - 304. Determine l(6).
2
Let k(n) = 5*n + 3. Give k(-7).
-32
Let v(z) = -5*z**3 - z**2 + 2*z - 3. Give v(2).
-43
Let k(p) = p**2 + 4*p - 6. Give k(-6).
6
Let b(y) = y**3 + 5*y**2 - 15*y + 10. Determine b(-7).
17
Let w(r) = -r**3 - 13*r**2 + 29*r + 5. What is w(-15)?
20
Let k(z) = 18*z**3 + 2*z**2 - 2*z + 1. Give k(1).
19
Let s(p) = -8*p - 2. Calculate s(2).
-18
Let y(u) = -u**3 - 12*u**2 - 24. Calculate y(-12).
-24
Let v(p) = -p**3 - p**2 + 16*p - 6. Calculate v(5).
-76
Let m(p) = 5*p - 60. What is m(24)?
60
Let c(t) = 4*t + 2. Give c(-3).
-10
Let g(x) = x**3 + 6*x**2 - 3*x + 2. Give g(-5).
42
Let v(i) = -i**2 - 11*i + 7. Calculate v(-13).
-19
Let m(w) = -w**3 + 6*w**2 - 5*w - 1. Determine m(6).
-31
Let b(a) = 183*a + 173. What is b(-1)?
-10
Let n(b) = 17*b + 407. Calculate n(-24).
-1
Let f(d) = 3*d**2 + 1. What is f(2)?
13
Let k(f) = f - 3. What is k(12)?
9
Let c(n) = 5*n - 14. Calculate c(8).
26
Let b(v) = 3*v**2 + 9*v + 25. What is b(-2)?
19
Let h(r) = 43*r. Determine h(2).
86
Let g(n) = n**2 + 12*n + 18. Determine g(-8).
-14
Let o(b) = -101*b**3 - 2*b**2 - b + 1. Give o(1).
-103
Let h(t) = -t**2 + 8*t + 43. Calculate h(12).
-5
Let d(g) = g**3 - 6*g**2 - 9*g + 9. Determine d(7).
-5
Let z(t) = t**2 + 7*t + 7. Give z(-7).
7
Let t(a) = a**2 + 5*a - 6. Determine t(-5).
-6
Let b(t) = -3*t**3 - 3*t**2 - 2*t. What is b(-1)?
2
Let j(y) = -y**3 + 4*y**2 - 23*y + 55. Give j(3).
-5
Let l(p) = -15*p**2 + 2*p - 1. Determine l(1).
-14
Let b(t) = -t - 9. Give b(-5).
-4
Let v(z) = -z**2 - 12*z - 13. Give v(-6).
23
Let p(k) = -k**3 - 3*k**2 - 7*k - 4. What is p(-4)?
40
Let x(w) = -w - 7. What is x(5)?
-12
Let o(f) = -f**3 + 11*f**2 - 5*f - 31. Calculate o(10).
19
Let l(k) = -k**3 + k**2 - k + 33. What is l(0)?
33
Let g(x) = -x**3 - 3*x**2 + 14*x + 49. Calculate g(-4).
9
Let b(m) = m**3 - 11*m**2 - 28. Determine b(11).
-28
Let t(k) = 44*k - 341. Calculate t(8).
11
Let q(y) = y**2 - 12*y - 126. What is q(-7)?
7
Let u(g) = g**2 - 9*g - 287. Determine u(22).
-1
Let p(c) = 2*c**2 + 2*c - 19. Give p(0).
-19
Let k(m) = -3*m**2 - 17*m - 6. Determine k(-5).
4
Let v(c) = -c**2 - 17*c + 10. Calculate v(-17).
10
Let m(d) = 28*d**2 - 3*d - 3. What is m(-1)?
28
Let l(p) = p**3 - 6*p**2 - 9*p + 8. What is l(7)?
-6
Let b(r) = -2*r**2 + 4*r + 1. Give b(3).
-5
Let d(p) = 7*p**2 - 1. Calculate d(1).
6
Let c(h) = 2*h**3 - 16*h**2 - 10*h - 20. Calculate c(9).
52
Let j(f) = -f**2 + 23*f - 112. Calculate j(14).
14
Let m(n) = -n**3 - 4*n**2 + 12*n - 12. Calculate m(-6).
-12
Let z(f) = -f**2 - 2*f - 2. Determine z(3).
-17
Let p(c) = -c**2 + 5*c + 6. Give p(7).
-8
Let i(g) = 5*g**2 - 1. Calculate i(-1).
4
Let j(b) = 2*b**2 - 53*b - 177. Give j(-3).
0
Let c(y) = y**2 - y + 6. Give c(8).
62
Let g(y) = -y**3 - 5*y**2 + 4*y - 24. What is g(-7)?
46
Let q(f) = -4*f - 10. Calculate q(-3).
2
Let g(o) = -9*o - 8. Calculate g(-1).
1
Let q(m) = m**3 + 8*m**2 + 14*m + 13. Give q(-6).
1
Let i(r) = r**3 - 15*r**2 + 2*r - 27. Give i(15).
3
Let i(k) = k**3 + 26*k**2 + 22*k - 46. Give i(-25).
29
Let q(o) = -7*o - 10. Determine q(-8).
46
Let q(s) = -43*s - 26. Calculate q(3).
-155
Let p(i) = i**3 - 14*i**2 + 2*i - 22. Give p(14).
6
Let l(q) = -2*q**2 + 3*q - 4. Determine l(-3).
-31
Let n(v) = -v**2 - 15*v + 27. Determine n(-16).
11
Let q(f) = -f**3 - f - 4. What is q(0)?
-4
Let z(j) = 3*j + 7. Determine z(3).
16
Let n(a) = a**2 - 5*a - 5. What is n(7)?
9
Let g(v) = -v**2 - 4*v + 5. What is g(-5)?
0
Let x(f) = -63*f + 23. Calculate x(1).
-40
Let z(q) = 16*q - 9. Calculate z(-3).
-57
Let r(c) = 8*c - 1. Give r(-1).
-9
Let c(b) = 8*b - 40. Give c(4).
-8
Let g(n) = -n**3 + 9*n**2 + 6*n + 17. What is g(10)?
-23
Let b(t) = t**3 - 7*t**2 + 4*t - 14. What is b(6)?
-26
Let s(v) = v**3 + 14*v**2 + 13*v + 19. What is s(-13)?
19
Let p(r) = -2*r**2 + 26*r - 2. Calculate p(13).
-2
Let u(a) = a**3 + 12*a**2 + 16*a - 34. Give u(-10).
6
Let m(v) = -v**3 - v**2 + 2*v - 62. Calculate m(0).
-62
Let f(n) = -n**2 + 11*n + 9. Determine f(11).
9
Let j(t) = 2*t**2 - 21*t - 5. Calculate j(8).
-45
Let c(v) = -v**3 + 4*v**2 - 3*v + 16. Determine c(5).
-24
Let b(l) = l**3 - 7*l**2 + l - 16. What is b(7)?
-9
Let b(a) = -a**3 - 7*a**2 + 5*a - 9. Give b(-8).
15
Let p(g) = -g**2. Calculate p(2).
-4
Let d(h) = -7*h - 21. Calculate d(-4).
7
Let q(b) = -130*b - 115. Calculate q(-1).
15
Let m(z) = z**2 - 14*z + 10. Calculate m(5).
-35
Let v(i) = -i**3 - 8*i**2 + 7*i - 20. Determine v(-9).
-2
Let v(x) = x**3 - 8*x**2 - 11*x + 12. What is v(9)?
-6
Let u(n) = -10*n**2 - n - 1. Determine u(-1).
-10
Let m(z) = 3*z**3 - z + 1. Determine m(1).
3
Let i(s) = -s**2 + 9*s - 26. What is i(4)?
-6
Let w(a) = -a + 21. Give w(25).
-4
Let o(a) = 3*a**3 - 3*a**2 - 4*a + 2. Give o(2).
6
Let h(a) = 3*a**2 + 27*a - 29. What is h(-12)?
79
Let a(l) = l**3 - 19*l**2 + 70*l + 6. Calculate a(14).
6
Let f(j) = -j**3 - j**2 + 3*j - 2. What is f(4)?
-70
Let y(j) = 12*j + 12. Calculate y(3).
48
Let d(w) = 4*w + 70. Calculate d(-16).
6
Let f(w) = -w**2 - 8*w - 9. Give f(-5).
6
Let j(q) = -q**3 + 5*q**2 + 9*q + 5. What is j(7)?
-30
Let u(i) = i**3 - 45*i**2 - 44*i - 91. Give u(46).
1
Let r(i) = 3*i**3 + 10*i**2 - 11*i - 5. What is r(-4)?
7
Let v(l) = -4*l**3 - 3*l**2 + 3*l - 1. Calculate v(2).
-39
Let d(q) = q**2 - 23*q - 27. What is d(25)?
23
Let w(s) = 4*s**2 + 5*s - 2. Determine w(-4).
42
Let f(l) = -9*l**2 + 8*l + 9. Calculate f(-1).
-8
Let l(i) = i**3 + 15*i**2 + 49*i - 4. Determine l(-5).
1
Let p(o) = 8*o**3 + o**2 + o - 2. Calculate p(1).
8
Let f(n) = -n**3 - 5*n**2 - n - 3. Give f(-3).
-18
Let w(n) = n**2 + 7*n - 3. Determine w(-9).
15
Let g(h) = 16*h - 41. Determine g(3).
7
Let j(f) = 2*f**3 - 5*f**2 + 2*f + 4. Give j(2).
4
Let v(u) = -u**2 + 2*u - 2. What is v(2)?
-2
Let o(f) = -f**3 + f**2 + f + 2. Calculate o(2).
0
Let x(h) = h**3 + 30*h**2 - 63*h + 42. Give x(-32).
10
Let m(b) = 12*b. Determine m(-1).
-12
Let a(u) = u**3 - 7*u**2 + 4*u + 3. Calculate a(6).
-9
Let v(w) = -w**3 - 7*w**2 - 7*w + 12. Give v(-5).
-3
Let m(f) = -2*f + 18. What is m(9)?
0
Let v(w) = 5*w**2 + 15*w - 66. Give v(3).
24
Let b(y) = -4*y - 88. Give b(-19).
-12
Let m(l) = 4*l - 2. Determine m(2).
6
Let y(q) = 7*q + 9. What is y(-6)?
-33
Let j(l) = l**3 - 3*l + 5. Determine j(2).
7
Let j(v) = 3*v - 14. Give j(7).
7
Let s(j) = j**2 + j - 12. What is s(-6)?
18
Let k(i) = i**3 - 9*i**2 + 6*i - 11. Give k(8).
-27
Let d(m) = m + 15. Calculate d(-11).
4
Let c(d) = -23*d - 3. Calculate c(1).
-26
Let h(d) = -d**3 - d**2 + d - 32. Give h(0).
-32
Let c(r) = 3*r - 13. Determine c(3).
-4
Let g(t) = t**3 - 19*t**2 - 40*t - 44. Calculate g(21).
-2
Let m(f) = -f**3 - 9*f**2 + 13*f + 35. Give m(-10).
5
Let j(z) = -27*z - 1. What is j(-2)?
53
Let y(t) = 10*t + 5. Give y(-5).
-45
Let k(c) = -c**3 + 21*c**2 - 21*c + 67. Give k(20).
47
Let g(s) = s**3 + s**2 - 5*s - 3. Give g(-2).
3
Let b(v) = -v**2 - 72*v + 1. Give b(-72).
1
Let o(p) = p - 10. What is o(7)?
-3
Let s(t) = -12*t - 578. What is s(-49)?
10
Let y(k) = -k**2 - 4*k + 14. What is y(-6)?
2
Let a(u) = -8*u - 1. What is a(-7)?
55
Let z(m) = m**2 + 11*m - 93. Calculate z(-17).
9
Let s(u) = -17*u**3 + 2*u**2 + u. What is s(-1)?
18
Let p(z) = 43*z - 1. Determine p(1).
42
Let j(g) = -16*g + 27. Give j(2).
-5
Let s(p) = -9*p + 39. Determine s(4).
3
Let x(o) = 12*o - 5. Determine x(4).
43
Let u(f) = -4*f**2 - 7*f + 9. Calculate u(-5).
-56
Let v(n) = n**3 + 5*n**2 - n - 5. Calculate v(-5).
0
Let o(c) = 7*c - 37. What is o(5)?
-2
Let x(o) = -2*o**2 + 6*o + 39. Give x(-3).
3
Let h(f) = -f**3 - 9*f**2 - 11*f - 24. Give h(-8).
0
Let m(n) = -n**2 + 28*n - 15. Give m(28).
-15
Let g(t) = -t - 5. Determine g(4).
-9
Let v(g) = -5*g**2 + 46*g + 47. Give v(-1).
-4
Let b(q) = -q**2 - 15*q - 44. Determine b(-10).
6
Let r(x) = -x**2 + 11*x - 18. Give r(2).
0
Let v(z) = -z - 1. Give v(1).
-2
Let i(z) = -z**2 - 3*z + 26. Determine i(-9).
-28
Let i(b) = 10*b - 18. What is i(1)?
-8
Let f(w) = -w**3 - 11*w**2 - 13*w + 15. Give f(-10).
45
Let k(r) = r**3 - 9*r**2 + 7*r + 9. Calculate k(8).
1
Let j(w) = 10*w + 29. What is j(-5)?
-21
Let q(k) = 2*k**3 + k